{"id":407,"date":"2015-03-26T17:19:20","date_gmt":"2015-03-26T16:19:20","guid":{"rendered":"http:\/\/paradiesgestaltung.org\/institut\/?page_id=407"},"modified":"2022-06-21T11:01:11","modified_gmt":"2022-06-21T09:01:11","slug":"kurzvita-von-bernhard-harrer","status":"publish","type":"page","link":"https:\/\/paradiesgestaltung.org\/institut\/team\/kurzvita-von-bernhard-harrer\/","title":{"rendered":"Kurzvita von Bernhard Harrer: Freude an unkonventionellem Wissen"},"content":{"rendered":"<div id=\"dslc-theme-content\"><div id=\"dslc-theme-content-inner\"><div class=\"field field-name-field-profile-vita field-type-text-long field-label-above\">\n<div class=\"field-items\">\n<div class=\"field-item even\">\n<p><a href=\"https:\/\/paradiesgestaltung.org\/institut\/wp-content\/uploads\/Portrait-Bernhard_307x349.jpg\"><img loading=\"lazy\" decoding=\"async\" class=\"alignright size-medium wp-image-416\" src=\"https:\/\/paradiesgestaltung.org\/institut\/wp-content\/uploads\/Portrait-Bernhard_307x349-264x300.jpg\" alt=\"Portrait-Bernhard_Harrer\" width=\"264\" height=\"300\" srcset=\"https:\/\/paradiesgestaltung.org\/institut\/wp-content\/uploads\/Portrait-Bernhard_307x349-264x300.jpg 264w, https:\/\/paradiesgestaltung.org\/institut\/wp-content\/uploads\/Portrait-Bernhard_307x349.jpg 307w\" sizes=\"auto, (max-width: 264px) 100vw, 264px\" \/><\/a>Steirer\/\u00d6sterreicher, aufgewachsen in Graz; Studien in Architektur (TU Graz), Meteorologie (FU Berlin) und Gesundheitswissenschaften (MSc, <a href=\"https:\/\/www.inter-uni.net\/\" target=\"_blank\" rel=\"noopener noreferrer\">Graz\/Seggau<\/a>); Grundlagenforschung und Publikation zu <a href=\"https:\/\/datadiwan.de\/netzwerk\/index.htm?..\/harrer\/ha_001d_.htm\" target=\"_blank\" rel=\"noopener noreferrer\">theoretischem Verst\u00e4ndnis und physikalischer Messbarkeit von Lebensenergie<\/a> (Freie Universit\u00e4t Berlin) und zum <a href=\"http:\/\/www.froghom.net\/\" target=\"_blank\" rel=\"noopener noreferrer\">Wirksamkeitsnachweis von Hom\u00f6opathie<\/a>;<\/p>\n<p>Fortbildungen zum <a href=\"https:\/\/www.newstand.de\/\" target=\"_blank\" rel=\"noopener noreferrer\">Sozialmanager<\/a>, in Telelernen und Telearbeiten f\u00fcr Qualit\u00e4tsmanagement, in Umr\u00fcstung von PKW auf Elektroantrieb (bei <a href=\"https:\/\/eauto.si\/en\/technical-trainigs\/\" target=\"_blank\" rel=\"noopener noreferrer\">Institut Metron<\/a>), sowie in verschiedenen Therapietechniken, insbesoders in <a href=\"https:\/\/en.wikipedia.org\/wiki\/Vegetotherapy\" target=\"_blank\" rel=\"noopener noreferrer\">Vegetotherapie<\/a> nach Wilhelm Reich (bei Heiko Lassek), Notfall-Polarity (bei Eva Reich), Transformationskinesiologie (bei Grethe Fremming, <a href=\"https:\/\/www.kinesiologie.net\/\" target=\"_blank\" rel=\"noopener noreferrer\">Kinesiologie Institut Berlin<\/a>), <a href=\"https:\/\/www.monroeinstitute.org\/\" target=\"_blank\" rel=\"noopener noreferrer\">Hemisph\u00e4ren-Synchronisation<\/a> nach Robert A. Monroe (bei Harald Wessbecher), Medialit\u00e4t und Geistiges Heilen (bei Inger Wilson, <a href=\"https:\/\/www.zentrum-riener.eu\/anna-riener\" target=\"_blank\" rel=\"noopener noreferrer\">Anna Riener<\/a> und <a href=\"https:\/\/aandersan.de\/\" target=\"_blank\" rel=\"noopener noreferrer\">Alexander Aandersan<\/a>), <a href=\"https:\/\/www.siva-natara-verlag.de\/Lebensimpulsbegleitung.html\" target=\"_blank\" rel=\"noopener noreferrer\">Lebens-Impuls-Begleitung<\/a> (bei Gabriele Weck);<\/p>\n<p>1994-2005 Leitung des <a href=\"https:\/\/datadiwan.de\/willkommen\/index.htm?\/willkommen\/dww003d_.htm#Bernhard%20Heinrich%20Harrer\" target=\"_blank\" rel=\"noopener noreferrer\">Datadiwan<\/a> (Netzwerk und Datenbank f\u00fcr Ganzheitlichkeit in Medizin und Wissenschaft), siehe hierzu auch Artikel von Bettina Berger in der Zeitschrift Kurskontakte 143 (2005); Mitwirkung an verschiedenen EU-Projekten zu Fernlehre und zu Gesundheitsf\u00f6rderung;<\/p>\n<p>1997-2011 selbst\u00e4ndig mit eigener Firma <a href=\"https:\/\/harrer-wissenstransfer.de\/\" target=\"_blank\" rel=\"noopener noreferrer\">Harrer Wissenstransfer<\/a> in Berlin zu Informationsmanagementsysteme und Technologietransfer; darin z. B. technischer Berater\/Dienstleister mit Schwerpunkt auf gemeinn\u00fctzige Organisationen wie <a href=\"https:\/\/biokrebs.de\/\" target=\"_blank\" rel=\"noopener noreferrer\">GfBK<\/a>, <a href=\"https:\/\/aerztegesellschaft-heilfasten.de\" target=\"_blank\" rel=\"noopener noreferrer\">\u00c4GHE<\/a>, <a href=\"https:\/\/aerztegesellschaft-naturheilverfahren.de\" target=\"_blank\" rel=\"noopener noreferrer\">\u00c4N<\/a> und Zeitschriften <a href=\"https:\/\/www.sein.de\/\" target=\"_blank\" rel=\"noopener noreferrer\">Sein<\/a> und <a href=\"https:\/\/www.positive.news\/\" target=\"_blank\" rel=\"noopener noreferrer\">Positive News<\/a>;<\/p>\n<p>2010 Gr\u00fcndung des <a href=\"https:\/\/paradiesgestaltung.org\/institut\/\" target=\"_blank\" rel=\"noopener noreferrer\">Institut f\u00fcr Paradiesgestaltung<\/a>;<\/p>\n<p>2012 Aufbau der <a href=\"https:\/\/paradiesgestaltung.org\/akademie\/\" target=\"_blank\" rel=\"noopener noreferrer\">Akademie f\u00fcr Paradiesgestaltung<\/a> mit Lehrg\u00e4ngen f\u00fcr \u201eAlles, was Du brauchst, um Deine Welt in ein Paradies zu verwandeln.\u201c<\/p>\n<p><strong>Ehren\u00e4mter:<\/strong> 1982-1987 Mitarbeit am Aufbau der Gr\u00fcnen - Alternative Liste Graz, seit 1997 Vorstand von <a href=\"https:\/\/datadiwan.de\/patienteninformation\/index.htm?\/patienteninformation\/pi_000d_.htm\" target=\"_blank\" rel=\"noopener noreferrer\">Patienteninformation f\u00fcr Naturheilkunde e.V.<\/a>, 1999-2005 im Board of Directors (Vorstand) des <a href=\"https:\/\/scientificandmedical.net\/\" target=\"_blank\" rel=\"noopener noreferrer\">Scientific and Medical Network<\/a> (Internationales Netzwerk f\u00fcr Spiritualit\u00e4t und Wissenschaft);<\/p>\n<p><strong>Auszeichnungen:<\/strong> Berliner Gesundheitspreis 1995 von AOK-Bundesverband und \u00c4rztekammer Berlin: F\u00f6rderpreis f\u00fcr das Projekt \u201eWissenstransfer f\u00fcr Naturheilkunde\u201c<br \/>\nGr\u00fcnderwettbewerb Multimedia 2000 des deutschen Bundesministerium f\u00fcr Wirtschaft BMWi f\u00fcr die Gr\u00fcndungsidee \u201e<a href=\"https:\/\/harrer-wissenstransfer.de\/wt001d6.htm\" target=\"_blank\" rel=\"noopener\">INKE \u2013 Informationsnetzwerk Kostenerstattung und Evaluation<\/a>\u201c<br \/>\nVC\u00d6 Mobilit\u00e4tspreis 2017: Erster Platz in der Kategorie \u201eIdeen f\u00fcr soziale und technologische Innovationen\u201c f\u00fcr das Konzept \u201e<a href=\"https:\/\/paradiesgestaltung.org\/institut\/projekte\/projekt-dorfladencaf-als-emobilitaetszentrale\/\" target=\"_blank\" rel=\"noopener\">DorfLadenCaf\u00e9 als eMobilit\u00e4tszentrale<\/a>\u201c.<\/p>\n<p><strong>Aktuelle Schwerpunkte:<\/strong><\/p>\n<ul>\n<li>Entwicklung von universit\u00e4rem <a href=\"https:\/\/paradiesgestaltung.org\/akademie\/course\/index.php?categoryid=2\" target=\"_blank\" rel=\"noopener noreferrer\">Master-Studium in Paradiesgestaltung<\/a>,<\/li>\n<li>Entwicklung von\u00a0\u201e<a href=\"https:\/\/paradiesgestaltung.org\/institut\/projekte\/projekt-garten-der-genesung\/\">G\u00e4rten der Genesung<\/a>\u201c als Alternative zum Krankenhaus (<a href=\"https:\/\/www.gartendergenesung.at\/\" target=\"_blank\" rel=\"noopener noreferrer\">Garten der Genesung \u201eLebens.Quelle\u201c<\/a>, <a href=\"https:\/\/bewusstseinswelt.at\/\" target=\"_blank\" rel=\"noopener noreferrer\">BewusstSEINswelt Dunkelsteinerwald<\/a>),<\/li>\n<li>... die Welt in ein Paradies verwandeln.<\/li>\n<\/ul>\n<\/div>\n<\/div>\n<\/div>\n<\/div><\/div>","protected":false},"excerpt":{"rendered":"<p>Steirer\/\u00d6sterreicher, aufgewachsen in Graz; Studien in Architektur (TU Graz), Meteorologie (FU Berlin) und Gesundheitswissenschaften (MSc, Graz\/Seggau); Grundlagenforschung und Publikation zu theoretischem Verst\u00e4ndnis und physikalischer Messbarkeit von Lebensenergie (Freie Universit\u00e4t Berlin) und zum Wirksamkeitsnachweis von Hom\u00f6opathie; Fortbildungen zum Sozialmanager, in Telelernen und Telearbeiten f\u00fcr Qualit\u00e4tsmanagement, in Umr\u00fcstung von PKW auf Elektroantrieb (bei Institut Metron), sowie in verschiedenen Therapietechniken, insbesoders in Vegetotherapie nach Wilhelm Reich (bei Heiko Lassek), Notfall-Polarity (bei Eva Reich), Transformationskinesiologie (bei Grethe Fremming, Kinesiologie Institut Berlin), Hemisph\u00e4ren-Synchronisation nach Robert A. Monroe (bei Harald Wessbecher), Medialit\u00e4t und Geistiges Heilen (bei Inger Wilson, Anna Riener und Alexander Aandersan), Lebens-Impuls-Begleitung (bei Gabriele Weck); 1994-2005 Leitung des Datadiwan (Netzwerk und Datenbank f\u00fcr Ganzheitlichkeit in Medizin und Wissenschaft), siehe hierzu auch Artikel von Bettina Berger in der Zeitschrift Kurskontakte 143 (2005); Mitwirkung an verschiedenen EU-Projekten zu Fernlehre und zu Gesundheitsf\u00f6rderung; 1997-2011 selbst\u00e4ndig mit eigener Firma Harrer Wissenstransfer in Berlin zu Informationsmanagementsysteme und Technologietransfer; darin z. B. technischer Berater\/Dienstleister mit Schwerpunkt auf gemeinn\u00fctzige Organisationen wie GfBK, \u00c4GHE, \u00c4N und Zeitschriften Sein und Positive News; 2010 Gr\u00fcndung des Institut f\u00fcr Paradiesgestaltung; 2012 Aufbau der Akademie f\u00fcr Paradiesgestaltung mit Lehrg\u00e4ngen f\u00fcr \u201eAlles, was Du brauchst, um Deine Welt in ein Paradies zu verwandeln.\u201c Ehren\u00e4mter: 1982-1987 Mitarbeit am Aufbau der Gr\u00fcnen - Alternative Liste Graz, seit 1997 Vorstand von Patienteninformation f\u00fcr Naturheilkunde e.V., 1999-2005 im Board of Directors (Vorstand) des Scientific and Medical Network (Internationales Netzwerk f\u00fcr Spiritualit\u00e4t und Wissenschaft); Auszeichnungen: Berliner Gesundheitspreis 1995 von AOK-Bundesverband und \u00c4rztekammer Berlin: F\u00f6rderpreis f\u00fcr das Projekt \u201eWissenstransfer f\u00fcr Naturheilkunde\u201c Gr\u00fcnderwettbewerb Multimedia <a class=\"read-more\" href=\"https:\/\/paradiesgestaltung.org\/institut\/team\/kurzvita-von-bernhard-harrer\/\">Continue Reading &#8594;<\/a><\/p>\n","protected":false},"author":1,"featured_media":0,"parent":421,"menu_order":0,"comment_status":"closed","ping_status":"closed","template":"","meta":{"footnotes":""},"class_list":["post-407","page","type-page","status-publish","hentry"],"_links":{"self":[{"href":"https:\/\/paradiesgestaltung.org\/institut\/wp-json\/wp\/v2\/pages\/407","targetHints":{"allow":["GET"]}}],"collection":[{"href":"https:\/\/paradiesgestaltung.org\/institut\/wp-json\/wp\/v2\/pages"}],"about":[{"href":"https:\/\/paradiesgestaltung.org\/institut\/wp-json\/wp\/v2\/types\/page"}],"author":[{"embeddable":true,"href":"https:\/\/paradiesgestaltung.org\/institut\/wp-json\/wp\/v2\/users\/1"}],"replies":[{"embeddable":true,"href":"https:\/\/paradiesgestaltung.org\/institut\/wp-json\/wp\/v2\/comments?post=407"}],"version-history":[{"count":42,"href":"https:\/\/paradiesgestaltung.org\/institut\/wp-json\/wp\/v2\/pages\/407\/revisions"}],"predecessor-version":[{"id":1266,"href":"https:\/\/paradiesgestaltung.org\/institut\/wp-json\/wp\/v2\/pages\/407\/revisions\/1266"}],"up":[{"embeddable":true,"href":"https:\/\/paradiesgestaltung.org\/institut\/wp-json\/wp\/v2\/pages\/421"}],"wp:attachment":[{"href":"https:\/\/paradiesgestaltung.org\/institut\/wp-json\/wp\/v2\/media?parent=407"}],"curies":[{"name":"wp","href":"https:\/\/api.w.org\/{rel}","templated":true}]}}