{"id":421,"date":"2015-03-26T21:56:11","date_gmt":"2015-03-26T20:56:11","guid":{"rendered":"http:\/\/paradiesgestaltung.org\/institut\/?page_id=421"},"modified":"2022-06-15T14:31:55","modified_gmt":"2022-06-15T12:31:55","slug":"team","status":"publish","type":"page","link":"https:\/\/paradiesgestaltung.org\/institut\/team\/","title":{"rendered":"Team"},"content":{"rendered":"<div id=\"dslc-theme-content\"><div id=\"dslc-theme-content-inner\"><h3>Bernhard Harrer <img loading=\"lazy\" decoding=\"async\" class=\"alignleft wp-image-434 size-thumbnail\" src=\"https:\/\/paradiesgestaltung.org\/institut\/wp-content\/uploads\/Bernhard-Harrer_Strohdach-150x150.jpg\" alt=\"Bernhard-Harrer_Strohdach\" width=\"150\" height=\"150\" srcset=\"https:\/\/paradiesgestaltung.org\/institut\/wp-content\/uploads\/Bernhard-Harrer_Strohdach-150x150.jpg 150w, https:\/\/paradiesgestaltung.org\/institut\/wp-content\/uploads\/Bernhard-Harrer_Strohdach-300x300.jpg 300w, https:\/\/paradiesgestaltung.org\/institut\/wp-content\/uploads\/Bernhard-Harrer_Strohdach.jpg 390w\" sizes=\"auto, (max-width: 150px) 100vw, 150px\" \/><\/h3>\n<p>Naturwissenschaftler, <a title=\"Kurzvita von Bernhard Harrer: Freude an unkonventionellem Wissen\" href=\"https:\/\/paradiesgestaltung.org\/institut\/team\/kurzvita-von-bernhard-harrer\/\">Verk\u00f6rperung der Freude an unkonventionellem Wissen<\/a>, Gr\u00fcnder und Leiter des Institutes f\u00fcr Paradiesgestaltung. Schwerpunkte: Forschung, Lehre und Consulting zu Paradiesgestaltung, Zukunftsforschung, Gesellschaftsentwicklung\/Demokratieentwicklung, L\u00f6sung gesellschaftlicher Herausforderungen, Technikfolgenabsch\u00e4tzung, Wissenschaftliche Evaluation, Informationsmanagement, Projektmanagement, Medienkompetenz, Ganzheitsmedizin, Lebensenergieforschung, Permakultur, Baubiologie und Heilung von Architektur.<\/p>\n<h3>Sabine R\u00f6sler <a href=\"https:\/\/paradiesgestaltung.org\/institut\/wp-content\/uploads\/Sabine-Roesler_184x184.jpg\"><img loading=\"lazy\" decoding=\"async\" class=\"alignleft wp-image-1221 size-thumbnail\" src=\"https:\/\/paradiesgestaltung.org\/institut\/wp-content\/uploads\/Sabine-Roesler_184x184-150x150.jpg\" alt=\"\" width=\"150\" height=\"150\" srcset=\"https:\/\/paradiesgestaltung.org\/institut\/wp-content\/uploads\/Sabine-Roesler_184x184-150x150.jpg 150w, https:\/\/paradiesgestaltung.org\/institut\/wp-content\/uploads\/Sabine-Roesler_184x184.jpg 184w\" sizes=\"auto, (max-width: 150px) 100vw, 150px\" \/><\/a><\/h3>\n<p>Coach f\u00fcr emotionale und spirituelle Intelligenz, Geld&amp;WertCoach, Montessori- und Waldorfp\u00e4dagogin, Leiterin des Bereiches Pers\u00f6nlichkeitsentwicklung am Institut f\u00fcr Paradiesgestaltung, Dozentin und Coach zu den Themen Urspr\u00fcnglichkeit, Individualit\u00e4t, Neue P\u00e4dagogik, Neue Wirtschaft, Meditation. <a title=\"Sabine R\u00f6sler \u2013 Meine Herzensaufgabe\" href=\"https:\/\/paradiesgestaltung.org\/institut\/team\/sabine-roesler-herzensaufgabe\/\">Meine Herzensaufgabe...<\/a><\/p>\n<p>&nbsp;<\/p>\n<h3>Achmed Khammas <img loading=\"lazy\" decoding=\"async\" class=\"alignleft size-full wp-image-423\" src=\"https:\/\/paradiesgestaltung.org\/institut\/wp-content\/uploads\/Achmed-Khammas.jpg\" alt=\"Achmed-Khammas\" width=\"150\" height=\"150\" \/><\/h3>\n<p><a href=\"http:\/\/www.khammas.de\/vita_2007.html\" target=\"_blank\" rel=\"noopener noreferrer\">Interkultureller Agent<\/a>, <a href=\"http:\/\/www.khammas.com\/vitaneu.htm\" target=\"_blank\" rel=\"noopener noreferrer\">\u00dcbersetzer und Dolmetscher<\/a> (arabisch-Deutsch), online-Autor des <a href=\"http:\/\/www.buch-der-synergie.de\" target=\"_blank\" rel=\"noopener noreferrer\">Buch der Synergie<\/a> (6000 Seiten!), Dozent und Supervisor am Institut f\u00fcr Paradiesgestaltung zu den Themen Neue Energien und Technologien sowie Neues Denken.<\/p>\n<p>&nbsp;<\/p>\n<h3>Heiner Benking <img loading=\"lazy\" decoding=\"async\" class=\"alignleft wp-image-437 size-thumbnail\" src=\"https:\/\/paradiesgestaltung.org\/institut\/wp-content\/uploads\/Heiner-Benking-Schmetterling-150x150.jpg\" alt=\"Heiner-Benking-Schmetterling\" width=\"150\" height=\"150\" srcset=\"https:\/\/paradiesgestaltung.org\/institut\/wp-content\/uploads\/Heiner-Benking-Schmetterling-150x150.jpg 150w, https:\/\/paradiesgestaltung.org\/institut\/wp-content\/uploads\/Heiner-Benking-Schmetterling.jpg 256w\" sizes=\"auto, (max-width: 150px) 100vw, 150px\" \/><\/h3>\n<p>Landesplaner, <a href=\"https:\/\/www.entrepreneurship.de\/summit\/speaker\/heiner-benking\/\" target=\"_blank\" rel=\"noopener noreferrer\">Kommunikationsberater<\/a>, <a href=\"http:\/\/quergeist.info\/\" target=\"_blank\" rel=\"noopener noreferrer\">Quergeist<\/a>, Netzwerker und <a href=\"https:\/\/en.wikipedia.org\/wiki\/User:Benking\" target=\"_blank\" rel=\"noopener noreferrer\">S\u00e4mann des Wandels<\/a>, Journalist, Moderator f\u00fcr Open Space Konferenzen mit <a href=\"http:\/\/www.open-forum.de\/Gespraechskultur.htm\" target=\"_blank\" rel=\"noopener noreferrer\">Zeitkredit-Methode<\/a>, Dozent und Berater am Institut f\u00fcr Paradiesgestaltung zu den Themen Landesplanung, Journalismus, Medienkompetenz, Vernetzung von Akteuren, gemeinschaftliche Entscheidungsfindung, sowie\u00a0Verstehen, Erleben und Harmonisieren von Weltbildern.<\/p>\n<h3>Anna Riener\u00a0<img loading=\"lazy\" decoding=\"async\" class=\" alignleft wp-image-511 size-thumbnail\" src=\"https:\/\/paradiesgestaltung.org\/institut\/wp-content\/uploads\/029_riener-150x150.jpeg\" alt=\"029_riener\" width=\"150\" height=\"150\" \/><\/h3>\n<p><a href=\"http:\/\/www.zentrum-riener.eu\/index.php?id=anna-riener\" target=\"_blank\" rel=\"noopener noreferrer\">Unternehmensberaterin und Erfolgstrainerin<\/a>, Dozentin und Trainerin am Institut f\u00fcr Paradiesgestaltung zu den Themen Pers\u00f6nlichkeitsentwicklung, Spiritualit\u00e4t, Selbstheilung, Lachyoga.<\/p>\n<p>&nbsp;<\/p>\n<h3>Franz Nahrada<img loading=\"lazy\" decoding=\"async\" class=\"size-thumbnail wp-image-738 alignleft\" src=\"https:\/\/paradiesgestaltung.org\/institut\/wp-content\/uploads\/Franz-Nahrada_Portrait-150x150.jpg\" alt=\"franz-nahrada_portrait\" width=\"150\" height=\"150\" srcset=\"https:\/\/paradiesgestaltung.org\/institut\/wp-content\/uploads\/Franz-Nahrada_Portrait-150x150.jpg 150w, https:\/\/paradiesgestaltung.org\/institut\/wp-content\/uploads\/Franz-Nahrada_Portrait-300x300.jpg 300w, https:\/\/paradiesgestaltung.org\/institut\/wp-content\/uploads\/Franz-Nahrada_Portrait-768x769.jpg 768w, https:\/\/paradiesgestaltung.org\/institut\/wp-content\/uploads\/Franz-Nahrada_Portrait-1024x1024.jpg 1024w, https:\/\/paradiesgestaltung.org\/institut\/wp-content\/uploads\/Franz-Nahrada_Portrait.jpg 1277w\" sizes=\"auto, (max-width: 150px) 100vw, 150px\" \/><\/h3>\n<p>Soziologe und Zukunftsforscher. Die Kombination zwischen der Wiederentdeckung lokaler Lebensr\u00e4ume und globalem Wissensaustausch birgt ungeahnte Potentiale f\u00fcr die \"Paradieswerdung\" unserer Lebensumgebungen. Mein spezielles Anliegen besteht darin, die Potentiale eines neuen, technologisch hochentwickelten, global vernetzten und nachhaltigen l\u00e4ndlichen Raumes aufzuzeigen. Das \"Paradigma der Pflanze\" besagt, dass wir in naher Zukunft viele, wenn nicht so gut wie alle Gegenst\u00e4nde unseres Bed\u00fcrfnisses durch Stoffkreisl\u00e4ufe, Assimilation von Sonnenenergie und intelligente Maschinen vor Ort herstellen k\u00f6nnen. Damit verliert eine auf Export und Erwerb ausgerichtete \u00d6konomie ihren Sinn, und wir k\u00f6nnen uns - und wir m\u00fcssen uns wahrscheinlich wegen der Automatisierung - auf unseren menschlichen Wesenskern zur\u00fcckbesinnen.<br \/>\nIn diesem Sinn gilt: \"Der \u00fcberwiegende Sinn der <a href=\"http:\/\/www.dorfwiki.org\/wiki.cgi?GlobaleD%f6rfer\" target=\"_blank\" rel=\"noopener noreferrer\">Globalen D\u00f6rfer<\/a> ist Ganzheit und Heilung\".<\/p>\n<\/div><\/div>","protected":false},"excerpt":{"rendered":"<p>Bernhard Harrer Naturwissenschaftler, Verk\u00f6rperung der Freude an unkonventionellem Wissen, Gr\u00fcnder und Leiter des Institutes f\u00fcr Paradiesgestaltung. Schwerpunkte: Forschung, Lehre und Consulting zu Paradiesgestaltung, Zukunftsforschung, Gesellschaftsentwicklung\/Demokratieentwicklung, L\u00f6sung gesellschaftlicher Herausforderungen, Technikfolgenabsch\u00e4tzung, Wissenschaftliche Evaluation, Informationsmanagement, Projektmanagement, Medienkompetenz, Ganzheitsmedizin, Lebensenergieforschung, Permakultur, Baubiologie und Heilung von Architektur. Sabine R\u00f6sler Coach f\u00fcr emotionale und spirituelle Intelligenz, Geld&amp;WertCoach, Montessori- und Waldorfp\u00e4dagogin, Leiterin des Bereiches Pers\u00f6nlichkeitsentwicklung am Institut f\u00fcr Paradiesgestaltung, Dozentin und Coach zu den Themen Urspr\u00fcnglichkeit, Individualit\u00e4t, Neue P\u00e4dagogik, Neue Wirtschaft, Meditation. Meine Herzensaufgabe... &nbsp; Achmed Khammas Interkultureller Agent, \u00dcbersetzer und Dolmetscher (arabisch-Deutsch), online-Autor des Buch der Synergie (6000 Seiten!), Dozent und Supervisor am Institut f\u00fcr Paradiesgestaltung zu den Themen Neue Energien und Technologien sowie Neues Denken. &nbsp; Heiner Benking Landesplaner, Kommunikationsberater, Quergeist, Netzwerker und S\u00e4mann des Wandels, Journalist, Moderator f\u00fcr Open Space Konferenzen mit Zeitkredit-Methode, Dozent und Berater am Institut f\u00fcr Paradiesgestaltung zu den Themen Landesplanung, Journalismus, Medienkompetenz, Vernetzung von Akteuren, gemeinschaftliche Entscheidungsfindung, sowie\u00a0Verstehen, Erleben und Harmonisieren von Weltbildern. Anna Riener\u00a0 Unternehmensberaterin und Erfolgstrainerin, Dozentin und Trainerin am Institut f\u00fcr Paradiesgestaltung zu den Themen Pers\u00f6nlichkeitsentwicklung, Spiritualit\u00e4t, Selbstheilung, Lachyoga. &nbsp; Franz Nahrada Soziologe und Zukunftsforscher. Die Kombination zwischen der Wiederentdeckung lokaler Lebensr\u00e4ume und globalem Wissensaustausch birgt ungeahnte Potentiale f\u00fcr die \"Paradieswerdung\" unserer Lebensumgebungen. Mein spezielles Anliegen besteht darin, die Potentiale eines neuen, technologisch hochentwickelten, global vernetzten und nachhaltigen l\u00e4ndlichen Raumes aufzuzeigen. Das \"Paradigma der Pflanze\" besagt, dass wir in naher Zukunft viele, wenn nicht so gut wie alle Gegenst\u00e4nde unseres Bed\u00fcrfnisses durch Stoffkreisl\u00e4ufe, Assimilation von Sonnenenergie und intelligente Maschinen vor Ort herstellen k\u00f6nnen. Damit verliert eine auf <a class=\"read-more\" href=\"https:\/\/paradiesgestaltung.org\/institut\/team\/\">Continue Reading &#8594;<\/a><\/p>\n","protected":false},"author":1,"featured_media":0,"parent":0,"menu_order":8,"comment_status":"closed","ping_status":"closed","template":"","meta":{"footnotes":""},"class_list":["post-421","page","type-page","status-publish","hentry"],"_links":{"self":[{"href":"https:\/\/paradiesgestaltung.org\/institut\/wp-json\/wp\/v2\/pages\/421","targetHints":{"allow":["GET"]}}],"collection":[{"href":"https:\/\/paradiesgestaltung.org\/institut\/wp-json\/wp\/v2\/pages"}],"about":[{"href":"https:\/\/paradiesgestaltung.org\/institut\/wp-json\/wp\/v2\/types\/page"}],"author":[{"embeddable":true,"href":"https:\/\/paradiesgestaltung.org\/institut\/wp-json\/wp\/v2\/users\/1"}],"replies":[{"embeddable":true,"href":"https:\/\/paradiesgestaltung.org\/institut\/wp-json\/wp\/v2\/comments?post=421"}],"version-history":[{"count":57,"href":"https:\/\/paradiesgestaltung.org\/institut\/wp-json\/wp\/v2\/pages\/421\/revisions"}],"predecessor-version":[{"id":1247,"href":"https:\/\/paradiesgestaltung.org\/institut\/wp-json\/wp\/v2\/pages\/421\/revisions\/1247"}],"wp:attachment":[{"href":"https:\/\/paradiesgestaltung.org\/institut\/wp-json\/wp\/v2\/media?parent=421"}],"curies":[{"name":"wp","href":"https:\/\/api.w.org\/{rel}","templated":true}]}}