{"id":44,"date":"2012-03-14T10:37:27","date_gmt":"2012-03-14T09:37:27","guid":{"rendered":"http:\/\/paradiesgestaltung.org\/institut\/?page_id=44"},"modified":"2017-08-19T06:27:37","modified_gmt":"2017-08-19T04:27:37","slug":"werkzeuge","status":"publish","type":"page","link":"https:\/\/paradiesgestaltung.org\/institut\/werkzeuge\/","title":{"rendered":"Werkzeuge"},"content":{"rendered":"<div id=\"dslc-theme-content\"><div id=\"dslc-theme-content-inner\"><p>Seit Beginn der Industriellen Revolution beschleunigt sich der Takt, mit dem neue wissenschaftliche Erkenntnisse und technologische Anwendungen gefunden werden. Was gestern noch unm\u00f6glich schien ist heute machbar und morgen Alltag, wenn wir es wollen.<\/p>\n<p>Die sch\u00f6pferische Kraft des Menschen ist grenzenlos. Alles ist m\u00f6glich!<\/p>\n<p>Wir haben diejenigen neuartigen <strong>Werkzeuge und Technologien<\/strong> zusammengetragen, die helfen k\u00f6nnen, die Welt in ein <a title=\"Paradies\" href=\"https:\/\/paradiesgestaltung.org\/institut\/paradiesgestaltung\/paradies\/\">Paradies<\/a> zu verwandeln. Dazu evaluieren wir Erfindungen und Innovationen und machen Technikfolgenabsch\u00e4tzungen in Hinblick auf die neuen Werte der <a title=\"Paradiesgestaltung\" href=\"https:\/\/paradiesgestaltung.org\/institut\/paradiesgestaltung\/\">Paradiesgestaltung<\/a>.<\/p>\n<p><strong>Einige Beispiele:<\/strong><\/p>\n<ul>\n<li>Eine Kombination neuer und wenig bekannter Therapieverfahren zu einem ganzheitlichen Therapieschema, das viele derzeit als unheilbar angesehene Erkrankungen heilen kann und dabei auch noch die Kosten des Gesundheitssystems deutlich verringern k\u00f6nnte.<\/li>\n<li><a href=\"https:\/\/megagreenpower.de\/de\/\" target=\"_blank\" rel=\"noopener\">Neue Pflanzend\u00fcnger<\/a>, zertifiziert f\u00fcr den \u00f6kologischen Landbau, die kosteng\u00fcnstiger sind als Kunstd\u00fcnger, und eine rasche und risikolose Umstellung auf Biolandwirtschaft erm\u00f6glichen.<\/li>\n<li>Allein die Umstellung aller Agrarfl\u00e4chen weltweit auf Biolandbau mit Wiederaufbau der Humusschicht w\u00fcrde das CO2-Problem innerhalb von 14 Jahren l\u00f6sen.<\/li>\n<li>Ein neuer synthetischer Energietr\u00e4ger, der es erm\u00f6glichen k\u00f6nnte, alle Kraftfahrzeuge und Flugzeuge CO2-neutral und ohne giftige Abgase zu betreiben und der auch kosteng\u00fcnstiger und sicherer ist als derzeitige Treibstoffe.<\/li>\n<li>Dezentrale CO2-neutrale Verfahren zur Stromerzeugung mit weniger als 1 cent\/kWh.<\/li>\n<li>Eine ganzheitlich durchdachte Strategie zur Einf\u00fchrung o. g. Innovationen, die allen Menschen einen gesunden Mindest-Lebensstandard garantieren k\u00f6nnte und das Problem der Arbeitslosigkeit l\u00f6st.<\/li>\n<\/ul>\n<p>Zweifel? Hatten wir auch erst, bis wir es selbst gepr\u00fcft und durchgerechnet haben!<\/p>\n<p>Nochmal: Die sch\u00f6pferische Kraft des Menschen ist grenzenlos. Alles ist m\u00f6glich!<\/p>\n<\/div><\/div>","protected":false},"excerpt":{"rendered":"<p>Seit Beginn der Industriellen Revolution beschleunigt sich der Takt, mit dem neue wissenschaftliche Erkenntnisse und technologische Anwendungen gefunden werden. Was gestern noch unm\u00f6glich schien ist heute machbar und morgen Alltag, wenn wir es wollen. Die sch\u00f6pferische Kraft des Menschen ist grenzenlos. Alles ist m\u00f6glich! Wir haben diejenigen neuartigen Werkzeuge und Technologien zusammengetragen, die helfen k\u00f6nnen, die Welt in ein Paradies zu verwandeln. Dazu evaluieren wir Erfindungen und Innovationen und machen Technikfolgenabsch\u00e4tzungen in Hinblick auf die neuen Werte der Paradiesgestaltung. Einige Beispiele: Eine Kombination neuer und wenig bekannter Therapieverfahren zu einem ganzheitlichen Therapieschema, das viele derzeit als unheilbar angesehene Erkrankungen heilen kann und dabei auch noch die Kosten des Gesundheitssystems deutlich verringern k\u00f6nnte. Neue Pflanzend\u00fcnger, zertifiziert f\u00fcr den \u00f6kologischen Landbau, die kosteng\u00fcnstiger sind als Kunstd\u00fcnger, und eine rasche und risikolose Umstellung auf Biolandwirtschaft erm\u00f6glichen. Allein die Umstellung aller Agrarfl\u00e4chen weltweit auf Biolandbau mit Wiederaufbau der Humusschicht w\u00fcrde das CO2-Problem innerhalb von 14 Jahren l\u00f6sen. Ein neuer synthetischer Energietr\u00e4ger, der es erm\u00f6glichen k\u00f6nnte, alle Kraftfahrzeuge und Flugzeuge CO2-neutral und ohne giftige Abgase zu betreiben und der auch kosteng\u00fcnstiger und sicherer ist als derzeitige Treibstoffe. Dezentrale CO2-neutrale Verfahren zur Stromerzeugung mit weniger als 1 cent\/kWh. Eine ganzheitlich durchdachte Strategie zur Einf\u00fchrung o. g. Innovationen, die allen Menschen einen gesunden Mindest-Lebensstandard garantieren k\u00f6nnte und das Problem der Arbeitslosigkeit l\u00f6st. Zweifel? Hatten wir auch erst, bis wir es selbst gepr\u00fcft und durchgerechnet haben! Nochmal: Die sch\u00f6pferische Kraft des Menschen ist grenzenlos. Alles ist m\u00f6glich!<\/p>\n","protected":false},"author":1,"featured_media":0,"parent":0,"menu_order":5,"comment_status":"closed","ping_status":"closed","template":"","meta":{"footnotes":""},"class_list":["post-44","page","type-page","status-publish","hentry"],"_links":{"self":[{"href":"https:\/\/paradiesgestaltung.org\/institut\/wp-json\/wp\/v2\/pages\/44","targetHints":{"allow":["GET"]}}],"collection":[{"href":"https:\/\/paradiesgestaltung.org\/institut\/wp-json\/wp\/v2\/pages"}],"about":[{"href":"https:\/\/paradiesgestaltung.org\/institut\/wp-json\/wp\/v2\/types\/page"}],"author":[{"embeddable":true,"href":"https:\/\/paradiesgestaltung.org\/institut\/wp-json\/wp\/v2\/users\/1"}],"replies":[{"embeddable":true,"href":"https:\/\/paradiesgestaltung.org\/institut\/wp-json\/wp\/v2\/comments?post=44"}],"version-history":[{"count":23,"href":"https:\/\/paradiesgestaltung.org\/institut\/wp-json\/wp\/v2\/pages\/44\/revisions"}],"predecessor-version":[{"id":339,"href":"https:\/\/paradiesgestaltung.org\/institut\/wp-json\/wp\/v2\/pages\/44\/revisions\/339"}],"wp:attachment":[{"href":"https:\/\/paradiesgestaltung.org\/institut\/wp-json\/wp\/v2\/media?parent=44"}],"curies":[{"name":"wp","href":"https:\/\/api.w.org\/{rel}","templated":true}]}}