{"id":690,"date":"2016-07-09T21:35:44","date_gmt":"2016-07-09T19:35:44","guid":{"rendered":"http:\/\/paradiesgestaltung.org\/institut\/?page_id=690"},"modified":"2019-09-27T00:14:15","modified_gmt":"2019-09-26T22:14:15","slug":"angebote","status":"publish","type":"page","link":"https:\/\/paradiesgestaltung.org\/institut\/angebote\/","title":{"rendered":"Angebote"},"content":{"rendered":"<div id=\"dslc-theme-content\"><div id=\"dslc-theme-content-inner\"><h1>Ausbildung\/Fortbildung<\/h1>\n<p><strong>Wir bieten:<\/strong><\/p>\n<ul>\n<li>den Kurs Einf\u00fchrung in die Paradiesgestaltung<\/li>\n<li>spezielle Kurse in Paradiesgestaltung zugeschnitten auf\u00a0Fragestellungen und Herausforderungen von Initiativen, Gemeinden und Unternehmen<\/li>\n<li>einen <a href=\"https:\/\/paradiesgestaltung.org\/institut\/wp-content\/uploads\/Paradiesgestaltung_Jahrestraining_Curriculum_Folder-A4quer.pdf\">einj\u00e4hrigen Lehrgang zum Paradiesgestalter<\/a><\/li>\n<li>eine mehrj\u00e4hrige Trainer-Ausbildung zum Lehrer f\u00fcr Paradiesgestaltung, in Zukunft auch als BSc bzw. MSc Studium mit universit\u00e4rem Abschlu\u00df<\/li>\n<li>und nat\u00fcrlich auch Vortr\u00e4ge und Seminare und Zukunftswerkst\u00e4tten zu Paradiesgestaltung in Bezug auf aktuelle Themen der Zeit<\/li>\n<\/ul>\n<p><strong>N\u00e4heres findest Du auf <a href=\"https:\/\/paradiesgestaltung.org\/akademie\/\" target=\"_blank\" rel=\"noopener noreferrer\">unserer online-Lernplattform<\/a>.<\/strong><\/p>\n<h1>Coaching\/Mentoring\/Beratung<\/h1>\n<p>ALLES, WAS DU BRAUCHST, UM DEIN LEBEN IN EIN PARADIES ZU VERWANDELN<\/p>\n<p><strong>Wir bieten:<\/strong><\/p>\n<ul>\n<li>Mein Weg zum Pardiesgestalter - Coachingprozess f\u00fcr die eigene Verwandlung zum authentischen Selbst<\/li>\n<li>Die Verwirklichung meines\/unseres Paradieses - Coachingprozess zur Manifestation eines Projektes<\/li>\n<li>Ich &amp; Wir - Coachingprozess f\u00fcr ein neues, bewusstes Miteinander f\u00fcr Paare, Gruppen und Gemeinschaften<\/li>\n<li>Geld.Wert.Sinn.Coaching<\/li>\n<li>Beratung zur Durchf\u00fchrung von Projekten<\/li>\n<li>Beratung von Gemeinden<\/li>\n<\/ul>\n<h1>Projektdurchf\u00fchrung<\/h1>\n<ul>\n<li>G\u00e4rten der Genesung<\/li>\n<\/ul>\n<\/div><\/div>","protected":false},"excerpt":{"rendered":"<p>Ausbildung\/Fortbildung Wir bieten: den Kurs Einf\u00fchrung in die Paradiesgestaltung spezielle Kurse in Paradiesgestaltung zugeschnitten auf\u00a0Fragestellungen und Herausforderungen von Initiativen, Gemeinden und Unternehmen einen einj\u00e4hrigen Lehrgang zum Paradiesgestalter eine mehrj\u00e4hrige Trainer-Ausbildung zum Lehrer f\u00fcr Paradiesgestaltung, in Zukunft auch als BSc bzw. MSc Studium mit universit\u00e4rem Abschlu\u00df und nat\u00fcrlich auch Vortr\u00e4ge und Seminare und Zukunftswerkst\u00e4tten zu Paradiesgestaltung in Bezug auf aktuelle Themen der Zeit N\u00e4heres findest Du auf unserer online-Lernplattform. Coaching\/Mentoring\/Beratung ALLES, WAS DU BRAUCHST, UM DEIN LEBEN IN EIN PARADIES ZU VERWANDELN Wir bieten: Mein Weg zum Pardiesgestalter - Coachingprozess f\u00fcr die eigene Verwandlung zum authentischen Selbst Die Verwirklichung meines\/unseres Paradieses - Coachingprozess zur Manifestation eines Projektes Ich &amp; Wir - Coachingprozess f\u00fcr ein neues, bewusstes Miteinander f\u00fcr Paare, Gruppen und Gemeinschaften Geld.Wert.Sinn.Coaching Beratung zur Durchf\u00fchrung von Projekten Beratung von Gemeinden Projektdurchf\u00fchrung G\u00e4rten der Genesung<\/p>\n","protected":false},"author":2,"featured_media":0,"parent":0,"menu_order":3,"comment_status":"closed","ping_status":"closed","template":"","meta":{"footnotes":""},"class_list":["post-690","page","type-page","status-publish","hentry"],"_links":{"self":[{"href":"https:\/\/paradiesgestaltung.org\/institut\/wp-json\/wp\/v2\/pages\/690","targetHints":{"allow":["GET"]}}],"collection":[{"href":"https:\/\/paradiesgestaltung.org\/institut\/wp-json\/wp\/v2\/pages"}],"about":[{"href":"https:\/\/paradiesgestaltung.org\/institut\/wp-json\/wp\/v2\/types\/page"}],"author":[{"embeddable":true,"href":"https:\/\/paradiesgestaltung.org\/institut\/wp-json\/wp\/v2\/users\/2"}],"replies":[{"embeddable":true,"href":"https:\/\/paradiesgestaltung.org\/institut\/wp-json\/wp\/v2\/comments?post=690"}],"version-history":[{"count":14,"href":"https:\/\/paradiesgestaltung.org\/institut\/wp-json\/wp\/v2\/pages\/690\/revisions"}],"predecessor-version":[{"id":1150,"href":"https:\/\/paradiesgestaltung.org\/institut\/wp-json\/wp\/v2\/pages\/690\/revisions\/1150"}],"wp:attachment":[{"href":"https:\/\/paradiesgestaltung.org\/institut\/wp-json\/wp\/v2\/media?parent=690"}],"curies":[{"name":"wp","href":"https:\/\/api.w.org\/{rel}","templated":true}]}}